5*u**3 + 17*u**2 - u + 46. Let c(b) = 9*b**3 + 31*b**2 - 2*b + 90. Let o(k) = -11*a(k) + 6*c(k). Determine o(0).
34
Let y(t) = -2*t**3 - 8*t**2 - 4*t + 5. Let k(f) = -f**3 + f + 3. Let w(d) = k(d) - y(d). Let j = 21 - 28. Calculate w(j).
12
Let u(a) = a - 6. Let q be u(9). Suppose q = t - 41. Let v = t + -44. Let i(f) = f**2 - 6. Give i(v).
-6
Let a = 52 - 34. Let h(p) = p**2 - 12*p - 110. Let x be h(a). Let f(u) = 8*u**2 + 4*u + 2. Determine f(x).
26
Let f(n) = -3*n**3 + 3*n - 47. Let p(o) = o**3 - o + 23. Let a(t) = -2*f(t) - 5*p(t). Let b(w) = 103*w + 3502. Let i be b(-34). What is a(i)?
-21
Let l(m) = -m**2 + 4*m - 6. Let g = -207 + 210. Suppose g*v + 5*j = 8, 0 = -j - 0*j - 2. Determine l(v).
-18
Let q(v) = 2*v**2 - 8*v - 5. Suppose -3*z = -z - 3*o - 16, 2*z - 6 = -2*o. Calculate q(z).
5
Let g = 640813/1560 + -5340/13. Let y(i) be the third derivative of -9*i**2 + g*i**6 + 0*i**3 - 1/8*i**4 + 0 - 1/30*i**5 + 0*i. What is y(-2)?
-10
Let t be 40/(-70)*(-35)/4. Let n(v) be the second derivative of 0 - 30*v - 1/20*v**t + 1/2*v**2 - 1/3*v**4 + 1/2*v**3. Determine n(-4).
-11
Let i(p) be the second derivative of -1/12*p**4 - 243*p - 1/2*p**3 + 0 + 3/2*p**2. Give i(3).
-15
Let z(g) = -2*g - 2. Suppose 9*n - 4 - 32 = 0. Let b(r) = r**3 - 3*r**2 + 4*r - 7. Let x be b(n). Let c = -32 + x. Calculate z(c).
12
Let m(i) = -i**2 - 3*i + 2. Let d be 36/2 - 3/(-27)*0. Let y be 15/(-50)*2 + d/5. Calculate m(y).
-16
Let g(d) be the third derivative of d**5/60 + 2*d**4/3 + 83*d**3/6 + 94*d**2. Let a(h) be the first derivative of g(h). Give a(-5).
6
Let i(c) = 2*c**2 - 8*c**3 + 4*c**3 + 4*c + 3*c**3. Let z be 9 - (-19)/(38/(-12)). Calculate i(z).
3
Let f be -6*(2 - 16/6). Let t(s) = 17*s + 4 - 10*s**2 - s**3 - f*s - 2*s. Let q(p) = p**3 - 5*p**2 - 102*p - 187. Let r be q(-2). Calculate t(r).
4
Let m = 1752 - 1743. Let h(a) be the second derivative of -a**6/720 + 11*a**5/120 + a**4/6 - 2*a. Let t(z) be the third derivative of h(z). Calculate t(m).
2
Suppose 2*o = 36*z - 38*z + 562, -1411 = -5*o + z. Let g(s) = -279*s - o*s + 842*s - 285*s. Give g(1).
-4
Let k(q) = -111 + 13*q + 8 + 8 + 20 + 37. Give k(3).
1
Let m(z) = z**3 + 3*z**2 - 3*z - 5. Let x = 137 + -134. Suppose 12*i - 5*t - 14 = 13*i, -x*t = -3*i - 6. Calculate m(i).
-9
Let l(w) = 7*w - 3*w + 7 - 4. Let j be l(0). Let u(k) = -k**2 + 6*k**3 + 0*k**2 - 7*k**3 + 2*k**j. Give u(2).
4
Let t(r) = -5*r - 33. Let k be t(-7). Suppose -3*x + 16 = -n, k*x - 16 - 23 = -5*n. Let w(d) = -d**2 + 6*d. Calculate w(x).
-7
Let o(d) be the second derivative of -d**5/20 - 13*d**4/12 - 5*d**3/2 + 19*d**2/2 - 221*d. Determine o(-12).
55
Let w(r) = -r**3 + 20*r**2 + r - 20. Let i(v) = 31*v**2 - v - 12. Let m be i(-1). What is w(m)?
0
Let m(p) = p**3 + 5*p**2 + 3*p - 4. Let q = -174 + 21. Let n be (-2)/(q/(-270) - (-1)/10). Give m(n).
5
Let g(q) = q**2 - q - 3. Let s be ((-12)/(-15))/(16/120). Let v be (3/s)/((-1)/(-2)) + 2. Determine g(v).
3
Let b(r) = -2*r**2 - 9*r + 10. Let w(q) = 2*q**2 + 161*q + 3130. Let n be w(-33). Calculate b(n).
5
Suppose -2*v - 5*t + 0*t = 21, 3*t + 15 = 0. Let m(x) = 2*x**2 - 32*x**3 - 25*x**v - 24 - 23*x + 31*x**3. Let h be m(-22). Let a(o) = -o - 1. What is a(h)?
1
Suppose 531 = -c - 5*z, 4*z = -2*c - 3*c - 2613. Let b = -515 - c. Let j(w) = -7 + 0*w + w + 0*w. Determine j(b).
-1
Let w(d) = 5*d - 45. Suppose -36*h + 265 = -15 - 44. What is w(h)?
0
Let c(n) be the first derivative of n**4/4 - 4*n**3/3 - 2*n**2 + 3*n + 217. Give c(4).
-13
Let o be 1 + 1 + -9 + -2. Let f be (1 - 0) + -12 + 1. Let w = o - f. Let x(v) = v - 2. What is x(w)?
-1
Let d(b) = -b**3 - b**2 - 4*b. Suppose -4*p + 3*p = p. Suppose p = -30*g + 38*g + 24. Give d(g).
30
Let b be (-4)/(-6)*(-51)/238*49. Let q(d) = d**2 - 6*d + 2. Let u be q(6). Let x(z) = 4 + 0 + 17*z - z**3 - 7*z**u - 13*z + 3. What is x(b)?
-21
Let c = -194 - -201. Suppose 1 = -c*a + 3*a + 3*m, -4*a + 2*m - 6 = 0. Let u(b) = b**2 - b - 3. What is u(a)?
17
Let v(g) = 37*g + 7145737 + 17*g**2 + 2*g**3 - 4*g**2 - 7145732 - g**3. Determine v(-9).
-4
Suppose 3*i - 31 = -i + 5*g, 4*g + 23 = 3*i. Let m be (4/6)/(1*(-6)/i). Let w(u) = 4*u**3 + u**2 + u. What is w(m)?
-4
Suppose -920*r = -932*r - 24. Let o(z) be the first derivative of -z**4/4 + z**3/3 + 7*z**2/2 + 5*z + 1. Give o(r).
3
Let c(f) = f**2 - 14*f - 9. Let t(o) = 444*o - 4871. Let u be t(11). What is c(u)?
-22
Let n be 36/(-8)*(-28)/(-3). Let h = n - -46. Let w(b) = 21 - 47 + 31 - 2*b**2 + 2*b. Determine w(h).
-19
Let o(u) be the second derivative of u**5/20 + 5*u**4/12 - u**3/2 - 2*u**2 - 217*u. Let g(j) = j - 24. Let x be g(19). Give o(x).
11
Let y(c) = 75*c - 25. Let n(p) = 33*p - 3. Let v(f) = 2*n(f) - y(f). What is v(4)?
-17
Let q(y) = 441*y + 8. Let t(l) = -734*l - 13. Let g(a) = 5*q(a) + 3*t(a). Let h = 7 - 5. What is g(h)?
7
Let p(z) = -2*z**3 + 6*z**2 - 2*z + 6. Let b be (-4)/(-22) - 12/(-110)*(39 - 4). Determine p(b).
-34
Let h = 339 - 344. Let t(v) = v**2. Let k(f) = f**3 + 2*f**2 + 5*f - 5. Let x(u) = -k(u) - 3*t(u). Give x(h).
30
Let u(f) = 14*f - 30. Let o(g) = 15*g - 2. Let v(h) = -o(h) + u(h). Determine v(-38).
10
Let f(z) be the third derivative of z**5/60 - z**4/12 + 2*z**3/3 + 2*z**2. Suppose 0 = -7*l + 1518 + 3235. Let t = l + -676. Give f(t).
7
Let r(s) = s**3 - 3*s**2 + 8. Let o be r(2). Let a(j) = -11*j + 5*j + 8*j + o + 8. Suppose 8 = -4*l - 28. Give a(l).
-6
Let t(a) be the second derivative of a**5/120 + 3*a**4/8 + 37*a**3/6 + 103*a. Let k(n) be the second derivative of t(n). Give k(-12).
-3
Let p(m) = 9*m**2 + 39*m + 13. Suppose 11*j + 54*j + 180 = 20*j. Calculate p(j).
1
Let y(c) = -2*c - c - 16*c**2 + 3*c. Let q = 61 - 50. Let x(o) = 8*o**2. Let l(f) = q*x(f) + 6*y(f). Calculate l(-1).
-8
Let q(w) = w**3 - 7*w**2 + 11*w - 2. Let d be q(5). Let m(s) = 4*s + s**d + 34 + 16 + 2*s**2 - 47. Calculate m(-2).
-5
Let d(n) be the first derivative of -7*n**2 + 75 - 16*n - 1/3*n**3. Calculate d(-13).
-3
Let n(k) = -15*k + 6. Let m(l) = 18*l + 4. Let t(s) = 17*s + 2. Let a(p) = 4*m(p) - 5*t(p). Let x(g) = 7*a(g) - 6*n(g). Determine x(-12).
18
Let s(b) be the second derivative of 5*b**5/4 - b**4/12 + b**3/3 - b**2 - 6*b - 2. What is s(1)?
24
Let n(r) = 2*r**3 + 12*r**2 + 2*r - 6. Let i be n(0). Let d(q) = -75*q - 457. Determine d(i).
-7
Let t(w) = -w + 8. Let s be (14 - 51) + (-1 - 0). Let c = s - -47. Determine t(c).
-1
Let u(g) be the first derivative of 21*g**2/2 + 132*g - 3312. Give u(-7).
-15
Let f(i) = -i + 5. Let d(x) = -x**3 - 2*x**2 - 4*x - 1. Let a be d(-3). Suppose -a*o = -19*o - 10. Suppose 58 = o*l - 2. Calculate f(l).
-1
Let x(r) = 4*r**2 + 6*r - 2. Suppose -368*i + 249*i - 476 = 0. Give x(i).
38
Suppose 35 = 5*a + 5*f, 0*f = 2*f + 4. Let i(w) be the first derivative of w**3/3 - 5*w**2 + 12*w - 6992. What is i(a)?
3
Let j(w) = 2*w**3 - 39*w**2 + w - 2. Let k(r) = -3*r**3 + 45*r**2 + 3. Let d(l) = 5*j(l) + 4*k(l). Calculate d(-8).
26
Let y be (-5)/(-10)*2/(-1). Let q(n) = -n - 1. Let b(t) = -3 + 4 + 7 - 4 + 8*t. Let r(m) = y*b(m) - 5*q(m). Determine r(-1).
4
Let y(g) be the second derivative of g**3/3 - 3*g**2 - 8890*g. Suppose -v + 14 = v. Determine y(v).
8
Let g = 90 + -56. Suppose -r - g = -48. Let l(w) = -w**3 + 14*w**2 - 2*w + 26. Let n be l(r). Let x(o) = -o**3 - 3*o**2 + o + 2. Calculate x(n).
-4
Let y(a) be the second derivative of 1/6*a**3 + 1/12*a**4 + a - 10 + 17/2*a**2 - 1/20*a**5. Give y(0).
17
Suppose -7424 = -4*w + 59896. Let p(y) = 16831 + 2*y**2 - 4*y**2 + 26*y**3 - w. What is p(-1)?
-27
Let k(s) = -s**2 + 6*s - 6. Let f(i) = -2*i**2 + 36*i - 25. Let v be f(18). Let w(x) = -x**2 - 22*x + 81. Let z be w(v). Calculate k(z).
-6
Let m(n) = -n**2 - 17*n - 58. Suppose 4*j - 8*s + 120 = 0, -2*s = -138*j + 140*j + 12. Calculate m(j).
-16
Let p(a) be the first derivative of 3*a**2 - 2*a + 4. Suppose -u - 2753 = -2757. Determine p(u).
22
Let n(m) = m**2 - 11*m + 5. Let g be -7 + 1 + 1908/4. Let w = -460 + g. Calculate n(w).
5
Let f(t) = -29*t**2 + 10*t - 9. Let a(i) = -i**2 + 68*i + 1549. Let w be a(-18). What is f(w)?
-28
Let r(y) be the third derivative of -y**6/120 + y**5/60 - y**4/24 + 7*y**3 - 8832*y**2. What is r(0)?
42
Let m(p) = -p - 10. Suppose 0 = -x + 5*v - 6, 0 = -3*x - 2*v - 18. Let f(i) = i**3 + 5*i**2 - 3*i + 5. Let g be f(x). Calculate m(g).
3
Suppose -